rivative of 5*q**2/2 - 3*q - 45. Let c(l) = 15*l - 8. Let k(i) = 4*c(i) - 11*d(i). Calculate k(4).
21
Suppose 4*v = -q + 7, -4*q - 105 + 25 = -2*v. Let o(t) = t**2 + 18*t + 5. Determine o(q).
-12
Suppose -5*z - 3*p + 57 = 0, 2*p + 0 + 2 = 0. Let s(b) = -29 - 11*b + z*b + 10. What is s(14)?
-5
Suppose -3 = -18*c + 267. Let z(w) be the third derivative of c*w**2 - 1/8*w**4 + 0*w + 0*w**3 + 0. Give z(1).
-3
Let h(y) = 7*y - 2. Let l be (-10)/1*(44/(-8) + 5). Suppose -5*d + 0*j = -5*j, -4*d - l = j. Let m be (d/(-6)*2)/(18/162). Determine h(m).
19
Let m(r) = 2*r - 27. Let n(k) = -5*k + 45. Let a(y) = -10*m(y) - 6*n(y). Let q(b) = -2*b**2 - b. Let h = 3 + -4. Let f be q(h). Calculate a(f).
-10
Suppose -2*s = -5*c + 2*c - 12, 0 = 2*s - 4*c - 14. Let w(g) = g**3 + 5*g + 112 - 2*g**3 + g**2 - 114. Calculate w(s).
-5
Let l(b) = -b**2 - 11*b - 3. Suppose 5*d - 10 = -5*i, -22*i + 53 = -5*d - 18*i. Give l(d).
27
Suppose 0 = -5*n + 56 + 14. Let i(t) be the third derivative of t**6/120 - 7*t**5/30 + t**4/24 - t**3/6 - 62218*t**2 - t. What is i(n)?
13
Let j(b) = -23*b**2 + 6 + 45*b**2 - 7*b**2 - 3*b - 16*b**2. Give j(-11).
-82
Suppose -5*f - 15 = -0*f. Let o(u) = -8 - 3 + 63 - 8 + 3*u - 32 - 13. Determine o(f).
-10
Let u(c) = -c**2 + 6*c - 4. Suppose 8 = 4*k - 0*k. Suppose -5*q + 19 = 20*g - 18*g, 0 = 5*g - 10. Suppose -q*o = -6*o + d + 24, o - 1 = -k*d. Give u(o).
-11
Let d = 2250 - 2252. Let y(t) = -13*t - 2. Let p(f) = f. Let n(q) = 6*p(q) + y(q). What is n(d)?
12
Let n(q) = 2 - 35*q + 87*q - 24*q - 24*q. Let v(l) = l**2 + 15*l + 34. Let j(a) = -a**3 - 5*a**2 - 3*a - 3. Let d be j(-3). Let g be v(d). Calculate n(g).
-6
Let m(a) = 4 - 112*a**2 - 4*a + 33*a**2 + 40*a**2 + 38*a**2. Let o(k) = -2*k**2 + 4 - 3 + 3 + 3*k + k**2. Let d be o(-2). Determine m(d).
-8
Let f(i) = 34*i - 33*i - 13 + 23. What is f(-14)?
-4
Let j(x) = 4*x**3 - 4*x**2 - x + 1. Let h(w) = -19*w**3 - 7*w**2 + w - 1. Let i(o) = h(o) - 2*j(o). Calculate i(1).
-26
Let f(b) be the second derivative of 0 + 84*b + 2*b**2 - 1/6*b**3. What is f(0)?
4
Let b(z) = z**2. Suppose -18*x + 8 = -64. Let k be (x + (-13)/4)/3*-12. Determine b(k).
9
Let o be ((-4)/5)/((-3)/(-15)). Let g(p) = -p**2 - 4*p - 4. Let h be g(o). Let s(t) = -8*t - 72. Let j(l) = 5*l + 46. Let b(w) = -3*j(w) - 2*s(w). Give b(h).
2
Let q(t) = -16*t - 9. Suppose -4*k - 162 = -158. Let a be q(k). Let y(l) = l - 10. Calculate y(a).
-3
Let l(v) = 209*v + 5. Let g(c) = -155*c - 4. Let k(h) = -4*g(h) - 3*l(h). Determine k(1).
-6
Let z(g) = 4*g**2 + 464 + 453 + 461 - 1378. Let m = -2 - -4. Suppose 1 + 1 = -m*i. What is z(i)?
4
Let p(x) = -x**2 + 50*x + 1. Let d(k) = -4*k**2 + 167*k - 48. Let w(a) = d(a) - 3*p(a). Determine w(12).
9
Suppose 21*l = 54*l + 1716. Let a be 2 + (-78)/36 - l/24. Let i(j) = -j**3 + 3*j**2 - 2*j - 1. Calculate i(a).
-1
Let b = -873 + 2666. Let u(l) = b - 910 - 906 + l. What is u(10)?
-13
Let m(v) = -2*v**2 - 2*v + 2. Suppose 8 = -3*k + 8. Suppose -r + 5*f - 14 = k, -f = 2*r + 2*f + 2. Calculate m(r).
-22
Suppose -5*u + r = -26, 8*u = 3*u - 2*r + 38. Let n be ((-5)/((-20)/u))/(9/12). Let k(m) = -4*m**3 + 2*m. Give k(n).
-28
Let l(w) be the third derivative of -w**5/30 + 5*w**4/12 - 2*w**3/3 + 138*w**2. Let b(g) = -6*g**2 + 32*g - 14. Let x(n) = -3*b(n) + 10*l(n). Determine x(-3).
-28
Let b(f) be the third derivative of f**4/12 - 5*f**3/6 - 2*f**2. Let m = -19 - -13. Calculate b(m).
-17
Let w(o) = -o - 3. Let a(l) be the third derivative of l**5/30 - 3*l**4/4 + 5*l**3/3 + 2*l**2. Suppose 7*c = 15*c - 64. Let n be a(c). Calculate w(n).
3
Let j(n) be the first derivative of n**3/3 + 7*n**2 - 9*n - 883. What is j(-14)?
-9
Suppose -5*p + 249 - 39 = 0. Suppose 0 = 7*x + p - 0. Let n(l) be the third derivative of -l**5/60 - l**4/12 + l**3 + 15*l**2. Determine n(x).
-18
Let b(x) = x**3 - 7*x**2 + 10*x - 3. Let o(d) = -d**2 - 38*d + 269. Let s be o(-44). Let n be b(s). Let p(c) = -c**3 - 3*c**2 - 3*c - 3. What is p(n)?
6
Let l be 2/(1 - (-6)/(-10)). Let n(q) = 47*q - 23*q + 39*q - 3 - 62*q. What is n(l)?
2
Let m(q) = 68 - 270 + 67 + 76 + 5*q + 71. Calculate m(-3).
-3
Let z(d) = d**3 + 7*d**2 + 4*d - 6. Let j be z(-6). Let k(l) = 3*l**2 + l. Let v(t) = t**3 - 18*t**2 - 7*t + 13. Let b(u) = -4*k(u) - v(u). Give b(j).
5
Let l(y) = y**2 + 4*y - 6. Let h(r) = r**3 + 14*r**2 + 2*r + 22. Suppose -4*a + 3*w = 47, 4*a + 44 = -0*a + 4*w. Let q be h(a). What is l(q)?
6
Suppose 0 = 3*z - g - 189, -2 = z + 4*g - 65. Suppose 0 = a - 5*a + 248. Let i(x) = -1 + 1 + a*x - z*x. Determine i(-6).
6
Let f(a) be the first derivative of 1/4*a**4 - 5*a - 31 - 7/3*a**3 + 0*a**2. Give f(7).
-5
Let u(h) be the second derivative of h**5/60 + 5*h**4/12 - h**3/6 - 51*h**2 + h - 10. Let o(r) be the first derivative of u(r). What is o(-6)?
-25
Suppose 2*y - o - 34 = 7, 3*y - 2*o = 61. Let s = -15 + y. Let k(g) = 5*g**2 + 5*g - 3 + g**3 - 5*g**3 + 3*g**3. Determine k(s).
-9
Let d(t) = 19*t - 1. Suppose -4*p = -41 - 87. Let l = p - 31. Suppose -u + 3*u = -3*v + l, -2*v + 1 = u. What is d(v)?
18
Let r(o) = -2*o**2 + 7*o - 3. Let d(j) = -2*j**2 + 7*j - 3. Let z(n) = 4*d(n) - 3*r(n). Let i be (1 - 6)*13/(182/(-14)) - 0. Give z(i).
-18
Suppose 3*f = -2*c + 52, f = -68*c + 63*c + 39. Let a(r) = -r**3 + 16*r**2 - 25*r - 24. Determine a(f).
18
Suppose -26*v + 87 = 3*v. Let p(l) = v + 5*l + 24*l - 18*l. Give p(-2).
-19
Let o = 62 + -37. Suppose -o = 5*z, 0 = x + z + 10. Let c(p) = -p + 5. What is c(x)?
10
Let s(x) = -16*x**2 - 59*x - 19. Let m be s(-3). Let r(u) = 14*u - 196. Calculate r(m).
0
Suppose -155 = -5*a + 4*x, 2*x - 185 = -4*a - a. Let w(q) = -69*q + 35*q + 11 + a*q. Determine w(-10).
1
Let r be -3 + (-204)/(-21) + (-20)/(-70). Let v(o) = o**2 + 2*o + 0*o**2 + r + 2*o - 4 - o**3. Determine v(-2).
7
Suppose 6*z + 7*z - 667 = -16*z. Let i(o) = -o**3 + 21*o**2 + 48*o + 21. Calculate i(z).
67
Let d(p) = -2*p**3 - 4*p**2 - 5*p - 6. Suppose -16*z = -12*z + 3*g + 15, 4*z + 8 = 4*g. Calculate d(z).
27
Let g be (24/(-32))/((-2)/(-8)*-1). Let n(d) = 10*d + 48 + 38 - 87. Give n(g).
29
Let a be (-9)/(-8 + 8 + -1). Let b(i) = -i**2 + 4*i + 18. What is b(a)?
-27
Let g(i) be the second derivative of -i**5/20 + 35*i**4/12 - 101*i**3/6 + 77*i**2 + 1526*i. Determine g(32).
-6
Let y(j) = -13*j - 15. Suppose 2*q = 2*r - 4, -3*q - 8 = 3*r + 10. Give y(q).
37
Let o(b) = -b**2 + 1. Suppose 13 + 20 = -20*v + 13. What is o(v)?
0
Let h(w) = 71*w**2 - 6*w - 7. Let k be h(-1). Let j(g) = 3*g - 139 + k + 77. Calculate j(-7).
-13
Let f = -34499 + 34493. Let t(l) = -l**2 + 1. Let y(n) = 6*n**2 + 6*n + 4. Let c(x) = 5*t(x) + y(x). What is c(f)?
9
Suppose 3*q + 3*v + 6 = 36, -q + 14 = 3*v. Let o(m) be the third derivative of -3/8*m**4 + 5/6*m**3 + 0 - 7/60*m**5 + 0*m - 3*m**2 + 1/120*m**6. Determine o(q).
-3
Let j(s) be the third derivative of s**6/120 - s**5/30 - s**4/12 + s**3/3 - s**2. Let c(i) = -325*i + 27623. Let m be c(85). Determine j(m).
-10
Let h(q) = -10 - 27 + 44 + 5*q + 16. Give h(-6).
-7
Let i(p) = 8*p**2 + p + 1. Let b(m) = 5*m**2 + 11*m. Let v be b(-4). Let x be (v/8 + -5)*254. Let g = x - -126. Give i(g).
8
Suppose 0 = 2*v - 3 - 5. Let p(w) = w**3 + 21*w**2 + 2*w + 7. Let f(d) = -4*d**3 - 72*d**2 - 5*d - 22. Let h(k) = -2*f(k) - 7*p(k). Determine h(v).
-5
Let o(b) = -2*b + 2. Let n(r) = 13*r - 15. Let f(h) = n(h) + 6*o(h). Let q be -16 - -2 - (6 + -4). Let m = -16 - q. Determine f(m).
-3
Let r be -7 - -1*15*80/48. Let z be 8/9*7 + (-4)/r. Let d(p) = -3*p**2 - 3*p - 10. Let f(k) = -4*k**2 - 5*k - 15. Let t(n) = 7*d(n) - 5*f(n). Calculate t(z).
-7
Let d be 4 + 0 - (-243 - -250). Let s(j) = -j**3 - 4*j**2 - 3*j + 3. Calculate s(d).
3
Let g(q) = -8*q - 3. Let c(t) = t + 1. Let b(f) = 5*c(f) + g(f). Suppose 0 = -2*u + 4, -3*h - 5*u + 7 = -9. Let j be b(h). Let n(a) = a. What is n(j)?
-4
Let b be 2/3 + 44/(-3). Let v(t) = -2*t + 0*t + 4*t + 10 - 10 + 34. Let y be v(b). Let c(f) = f**2 - 5*f + 1. What is c(y)?
7
Let c(p) = p**3 + 6*p**2 - 16*p + 6. Let q = -565 - -567. Let n be 3/(6/(-32)*q). Give c(n).
6
Suppose 192 - 240 = 24*i. Let a(g) = -3. Let d(z) = 0*z + 12 - 3 + z. Let n(h) = -11*a(h) - 4*d(h). Give n(i).
5
Let w(v) = -16 + 14 - 3 + 16 - v**2 + 6*v. Calculate w(-5).
-44
Let p(a) = -a**3 + 5*a**2 + 11*a + 10. Let n = -5425 - -5421. Calculate p(n).
110
Let g(f) = -f**